= 5*l - 60, 5*l - 199 = m. What is the remainder when l is divided by 14?
12
Let z(b) = -b**3 + 4*b**2 + b - 1. Let r be z(4). Calculate the remainder when (-54)/r*-2 - -2 is divided by 13.
12
Let p = -38 + 64. Calculate the remainder when 101 is divided by p.
23
Suppose 15*b = 12*b + 36. What is the remainder when 92 is divided by b?
8
Suppose -3*t = 3*i - 48, -3*i = 2*t - 3 - 31. What is the remainder when t is divided by 4?
2
Let r(f) = -f**3 + 9*f**2 - 5*f - 2. Let w(o) = -o + 2. Let d be w(-5). What is the remainder when r(d) is divided by 16?
13
Let l(s) = -8*s**2 - 2*s - 1. Let c be l(-1). Let b = -5 - -4. Let y = b - c. What is the remainder when y is divided by 4?
2
Let p = 19 - 0. Suppose 3*d - 123 = -5*i + 79, -i - 4 = 0. Calculate the remainder when d is divided by p.
17
Let l(t) = -t**2 + 7*t - 2. Let o be l(6). Suppose o*p - 18 = 122. Calculate the remainder when p is divided by (-168)/(-9) + 2/(-3).
17
Let w(f) = -3*f - 7. Suppose 22 + 83 = 5*t. What is the remainder when t is divided by w(-6)?
10
Suppose -2*x + z + 13 = 0, 0 = -3*x - z - 2*z + 6. Suppose -w + 6*w + x = 0. Let g(l) = -36*l + 1. What is the remainder when g(w) is divided by 13?
11
Let q be (0 - -45)*(1 - 0). Suppose -q = -h - 14. Calculate the remainder when h is divided by 11.
9
Calculate the remainder when 10/35 - 687/(-21) is divided by -18*((-6)/(-4) - 2).
6
Suppose 0 = 5*s - 198 - 147. What is the remainder when s is divided by 24?
21
Suppose -2*k - 2*q - 30 = 38, -5*q = -2*k - 61. Let b be 2*2/5*80. Let f = b + k. Calculate the remainder when f is divided by 11.
9
Suppose -m - 2*m + a = -61, -3*a = 3*m - 69. What is the remainder when 83 is divided by m?
20
Let m be -6 + ((-4)/(-4) - 5). Calculate the remainder when 38 is divided by 64/20*(-25)/m.
6
Suppose 0 = -j - 4*z - 16, -j = 3*z - 2*z + 1. Suppose 3 = j*a - 4*p + p, 3*p - 24 = -5*a. Let d(l) = 3*l. What is the remainder when 26 is divided by d(a)?
8
Suppose 5*b - 90 = -3*y + 11, -b + 72 = 2*y. Let n = -18 + y. Let a = 29 - 18. What is the remainder when n is divided by a?
8
Let b(o) = -o + 7. Let f be b(5). Suppose 0*d + 44 = 4*h + f*d, -4*h - 4*d + 48 = 0. Calculate the remainder when h is divided by 6.
4
Suppose 7*x - 2*x - 15 = 0. Let b(m) = 13*m + 3. What is the remainder when b(x) is divided by 15?
12
Let f(s) = -14*s + 5. Calculate the remainder when f(-6) is divided by 15.
14
Let z = -3 + 2. What is the remainder when 1 - (-2 + z)*11 is divided by 12?
10
Suppose j - 173 = -s + 2*s, 0 = 5*j + 2*s - 844. Suppose j = 23*n - 18*n. Calculate the remainder when 66 is divided by n.
32
Let r = -150 + 231. What is the remainder when r is divided by 42?
39
Let l(k) be the first derivative of -k**4/4 - 3*k**3 - k**2 - 6*k + 6. Calculate the remainder when 45 is divided by l(-9).
9
Suppose 4*v - 2*v - 70 = 0. Calculate the remainder when 67 is divided by v.
32
Let a = -6 + 12. Suppose 2*x + a = 24. Suppose 5*v = 112 + 18. What is the remainder when v is divided by x?
8
Calculate the remainder when 2*-2 + 4*32 is divided by 18.
16
Suppose -510 = -9*i + 282. What is the remainder when i is divided by 18?
16
What is the remainder when 14 is divided by ((-63)/14)/((-6)/4)?
2
Suppose 2*v - 5 = 15. Let f = v + 16. What is the remainder when f is divided by 9?
8
Let s = -34 + 57. What is the remainder when s is divided by 14?
9
Suppose 3*t - 72 = -9*t. Calculate the remainder when t is divided by 1.
0
Let q = 25 - 11. Calculate the remainder when (39/(-2))/(1/(-2)) - 0 is divided by q.
11
Let c = -22 + 42. Let g(a) = a**2 - 11*a + 1. Let w be g(8). Let s = 34 + w. What is the remainder when c is divided by s?
9
Let q = 31 - 45. Let l = q - -20. Suppose 3*w - 20 = -3*v - v, 3*w = -v + 14. What is the remainder when l is divided by w?
2
Let i = 5 + -3. Suppose 3*l - i*z - 30 = -l, -2*l + 30 = 2*z. Suppose -2*v = v - 12. Calculate the remainder when l is divided by v.
2
Let t(x) = x**3 + 12*x**2 - 2*x + 4. What is the remainder when t(-12) is divided by 15?
13
Let v = 26 + 15. Suppose 3*g + 9 = 0, -3*g - 13 = -5*w + v. What is the remainder when 42 is divided by w?
6
Suppose 0 = 2*c + 3 - 27. What is the remainder when c is divided by (-12 + 14)/((-2)/(-7))?
5
Let v be (-14)/49 - (-23)/7. Suppose v*o + o = -5*d + 76, 48 = 5*d - 3*o. Calculate the remainder when 34 is divided by d.
10
Let l(w) = 4 - 6 - w**2 - 1 - 26*w + 8*w. Calculate the remainder when l(-12) is divided by 18.
15
Suppose i + i - 62 = 0. Let x = -3 - -3. Let l(j) = j + 11. What is the remainder when i is divided by l(x)?
9
Let w = 207 - 143. What is the remainder when w is divided by 17?
13
Let r(y) = y - 6. Let w be r(8). Suppose 3*d = 14 - 2. Suppose -w*c - 72 = -v - 3*v, 0 = -d*v - 3*c + 82. Calculate the remainder when 37 is divided by v.
18
Suppose 0 = -3*g - 3*g + 60. Calculate the remainder when 18 is divided by g.
8
Let d(r) = -r**2 - 9*r - 3. What is the remainder when (-2)/((-64)/31 + 2) is divided by d(-7)?
9
Suppose 20*g = 22*g - 42. What is the remainder when 27 is divided by g?
6
Let r(q) = -q**2 - 19*q + 12. What is the remainder when r(-13) is divided by 19?
14
Suppose -4*t = 16, -3*w + 81 = -4*t - 1. Let v(x) = -x - 10. Let r be v(0). Let y = w + r. What is the remainder when 35 is divided by y?
11
Let d(x) = -8*x. Let m be d(1). Suppose -5*g = -9*g + 204. Let r = g + m. Calculate the remainder when r is divided by 11.
10
Suppose 0 = -0*t - 6*t + 24. Calculate the remainder when t is divided by 4.
0
Let t(d) = d**3 - 4*d**2 + 6*d - 1. Let j = 82 + -54. Calculate the remainder when t(5) is divided by j.
26
Suppose 0 = -4*n - 8 + 12. Calculate the remainder when 45 is divided by (-343)/(-28) - n/4.
9
Let n(g) = -g**3 + g + 2. Let d be n(0). Calculate the remainder when (d/3)/(5/75) is divided by 6.
4
Suppose -5*k - 2*c + 111 = -3*c, -4*k - 2*c + 86 = 0. What is the remainder when k is divided by 5?
2
Suppose -f - 3 = -13. Let o = 19 - f. What is the remainder when 24 is divided by o?
6
Calculate the remainder when 28*-1*(-1)/4 is divided by 2.
1
Let q(x) = 4*x + 5*x + 3 + 11*x**2 - 12*x**2 - 5*x. Let z be q(4). Suppose -z*u + 5 = -10. What is the remainder when 8 is divided by u?
3
Let l = 185 - 177. Let h be 2 - 0*(-1)/(-2). Calculate the remainder when h/(-4)*1*-28 is divided by l.
6
Let w = -88 + 112. Calculate the remainder when w is divided by 13.
11
Suppose 4*q - 21 = 2*w - 5*w, 4*q - 29 = 5*w. Let p = 30 - 13. Calculate the remainder when p is divided by q.
5
What is the remainder when (126*-1)/((-9)/6) is divided by 22?
18
Let y = -1 + 9. Suppose y = 4*h - 4. Calculate the remainder when h is divided by 2.
1
Let f(y) = y**2 - y + 10. What is the remainder when f(7) is divided by 27?
25
Let c = 29 + -21. What is the remainder when (-7*(-1)/(-3))/(2/(-18)) is divided by c?
5
Suppose 4*o - 3*o - 49 = 0. What is the remainder when (-2)/(-2 - o/(-25)) is divided by 13?
11
Suppose 0 = -3*d - 4 - 2. Let m(y) = 2*y**2 - y. What is the remainder when m(-3) is divided by (-2)/d*(9 - -2)?
10
Let g = -6 - -5. Calculate the remainder when 44 is divided by 3/(-2)*10/g.
14
Suppose -2*l + 7 = -9. Suppose -3*w + 4*j - 12 = 0, w - 6*w + j = 3. Suppose w = x - 6 + 1. What is the remainder when l is divided by x?
3
Suppose -10*k + 132 = -6*k. Suppose 5*g - 44 = -t, 3*g - k = -g - 3*t. Calculate the remainder when g is divided by 3.
0
Let w(z) = 15*z**2 + z - 1. What is the remainder when 41 is divided by w(1)?
11
Suppose 2*d - d - 3 = 0. Suppose 0*i - 4*h = d*i - 11, -5*i = 2*h - 23. Suppose -i*s + 23 + 7 = 0. Calculate the remainder when 11 is divided by s.
5
Let f be 4 + (1 - (0 + 4)). Calculate the remainder when 41 is divided by (-11)/2*-2*f.
8
Calculate the remainder when 9 is divided by 1/(-2 - (-2)/2)*-3.
0
Let i(c) = c**2 - 6*c + 9. Suppose -2*j + h = -0*j - 18, 0 = 3*j + 5*h - 40. What is the remainder when i(j) is divided by 13 + 0 + 3 + -3?
10
Let i be (-1)/2 - (-29)/(-2). Let z be 1*(-1 + 4)*2. Calculate the remainder when 31 is divided by (-106)/(-10) - z/i.
9
Suppose -57*x = -55*x - 118. What is the remainder when x is divided by 17?
8
Let a = 16 + -10. Suppose -o = -0*o - 11. Calculate the remainder when o is divided by a.
5
Suppose 0 = -q - 0*q + 4. Suppose 5*b - 2*y = 53, -4*b + 43 = -y + 3. What is the remainder when b is d